+ 6*m - 36 = 2*m, 5*u = -m + 37. Calculate the remainder when 12 is divided by u.
5
Let n = -10 - -14. What is the remainder when (-4)/(n/(-3)) + 7 is divided by 6?
4
Calculate the remainder when 72 is divided by 20*(-32)/(-40) - -2*2.
12
Suppose 5*c = 3*i + 285, 4*c + i - 285 = -c. What is the remainder when c is divided by 32?
25
Let m = 62 + -88. Let g be (m/(-2))/(11 - 10). Suppose -39 = -2*i - g. Calculate the remainder when 37 is divided by i.
11
Suppose -2*h + 143 + 169 = 0. Calculate the remainder when h is divided by 40.
36
Let m = -10 - -35. Let x = -2 - -2. Suppose -3*v + 18 + 9 = x. Calculate the remainder when m is divided by v.
7
Let n = 441 - 262. Let v = n + -126. What is the remainder when v is divided by 14?
11
Let m(i) be the third derivative of i**6/120 - 2*i**5/15 + 7*i**4/12 + i**3/6 + 2*i**2. What is the remainder when 1/(-3) - 76/(-3) is divided by m(6)?
12
Suppose 0*q + 2*q = 50. Let n = -14 + q. Calculate the remainder when n is divided by 6.
5
Let x(i) = -9*i + 6. Calculate the remainder when x(-19) is divided by 15.
12
Let v(q) = 8*q - 3. Calculate the remainder when v(5) is divided by 13.
11
Suppose -4*w - w - 240 = 0. Calculate the remainder when (w/40)/(4/(-30)) is divided by 4.
1
Let m be 1 - (9/(-1))/(-3). What is the remainder when 1090/25 - m/5 is divided by 15?
14
Let j(s) = s**2 - 9*s + 7. Let d be j(10). Let v = d - 8. What is the remainder when 26 is divided by v?
8
Suppose 2*h = -2*h + 36. Suppose -33 = p - 2*p. What is the remainder when p is divided by h?
6
Suppose 5*v + b - 60 = 99, b = 3*v - 89. What is the remainder when 90 is divided by v?
28
Let w(f) = -f + 5. Let o be w(5). Suppose 4*x + 2*r - 19 - 71 = 0, -5*x - 5*r + 125 = o. Suppose 4*h - 343 = -111. What is the remainder when h is divided by x?
18
Let r = 2 - 2. Suppose r = -2*j - 2*j - 56. Let z = 26 + j. Calculate the remainder when 23 is divided by z.
11
Let q(c) = -c**3 - 3*c**2 - 2*c - 3. Let a be q(-3). Suppose -2*j + 18 = a*v, 6*j - v = 2*j + 22. What is the remainder when 16 is divided by j?
4
Let u(l) = 2*l**3 - 3*l**2 + 8*l - 5. Calculate the remainder when 59 is divided by u(2).
14
Suppose 4 = x - 8. What is the remainder when 58 is divided by x?
10
Suppose 32 = r + 5*y, r - 109 = -r + 5*y. Calculate the remainder when r is divided by 10.
7
Let k(x) = 4*x**2 + 45*x + 48. What is the remainder when k(-17) is divided by 13?
10
Suppose -2*p = -20 - 10. Suppose 0*i + 14 = 2*i. Calculate the remainder when 3 + p + (-6)/(-3) is divided by i.
6
Let k(u) = 9*u. Suppose 2*b + 19 = n + 3*b, -5*n + 3*b + 63 = 0. Let f = n + -5. Calculate the remainder when k(2) is divided by f.
8
Suppose 3*h = 3*z + 3, 0 = 6*z - 4*z - 4*h + 12. Calculate the remainder when 11 is divided by z.
3
Let s = 19 - 9. What is the remainder when 18 is divided by s?
8
Let o(v) = 2 + 1 - 6*v**2 - v**3 + 12*v - 6*v. Let u be o(-7). What is the remainder when u/45 - (-340)/9 is divided by 13?
12
Suppose 2*w + 2*s = -3*s - 24, 4*w + 3*s = -20. Let t = w + -3. Calculate the remainder when 12 is divided by 1 - ((-3)/3 + t).
5
Calculate the remainder when (-1)/(-2)*-2 - -29 is divided by (-15 + 4)*-1 - 1.
8
Let k(h) be the first derivative of h**3/3 - 7*h**2/2 - 11*h + 5. Let l = 11 + -6. What is the remainder when k(9) is divided by l?
2
Let i = 12 + 7. Calculate the remainder when 80 is divided by i.
4
Suppose 95 = 5*r - 5*j + 25, -2*r = 5*j - 14. Suppose -z + 36 = -r. Let b = z + -19. What is the remainder when b is divided by 10?
9
Suppose 0*o = -o + 2. Suppose -106 = o*p - 4*p. Calculate the remainder when p is divided by 18.
17
What is the remainder when 35 is divided by 51/6 + (-1)/(-2)?
8
Let w be (-4)/(-12)*0 - -1. Suppose -m - 4 = w, -5*m = -4*g + 181. What is the remainder when g is divided by 10?
9
Let o(p) = -2*p**2 - 4*p - 3. Let n be o(-2). Let r(g) = -g - 3. Let l be r(n). Suppose l = 3*s - 8 - 76. Calculate the remainder when s is divided by 10.
8
Let w = 41 - 24. What is the remainder when w is divided by 7?
3
Let z(w) = w**3 - 6*w**2 + w + 8. Calculate the remainder when z(6) is divided by ((-4)/6)/((-2)/15).
4
Suppose -2*m = -m - 1. Let u(f) = 33*f - 1. Suppose 0 = 3*k - 34 + 1. Calculate the remainder when u(m) is divided by k.
10
Let r = -4 - -4. Let f = r - -8. Let s(g) = -g**2 + 9*g - 15. Calculate the remainder when f is divided by s(6).
2
Let a = 0 - -7. What is the remainder when a is divided by 2?
1
Let r(m) = -2*m - 6. Let w be r(-4). Suppose -4*h - 115 = -4*n + h, -w*n + h + 53 = 0. Suppose 2*l - 9 - n = 0. What is the remainder when 33 is divided by l?
16
Let l = 380 - 100. Let w be (l/(-21))/(2/(-6)). Let i = w + -23. What is the remainder when 32 is divided by i?
15
Calculate the remainder when (-45)/120 + 486/16 is divided by 17.
13
What is the remainder when 50 is divided by (0 + -1)/(2/(-26))?
11
Suppose -5*u + 208 + 26 = i, -4*u = 5*i - 204. What is the remainder when u is divided by 16?
14
Suppose -3*b + 6*b - 342 = 3*v, 4*v = 2*b - 224. Calculate the remainder when b is divided by 15.
11
Suppose 3*h - 54 + 15 = 0. What is the remainder when h is divided by 6?
1
Let w = -6 - -8. Calculate the remainder when w is divided by ((-10)/(-35))/(1/7).
0
Suppose -50 + 2 = -4*r. Suppose 0 = 4*t - 3*g - 80, -4*g + 108 = 2*t + 2*t. Calculate the remainder when t is divided by r.
11
Suppose -m = -0*m + 4. Let f = m - -7. Suppose 0*x - f*x - 3*n = -54, n + 47 = 4*x. Calculate the remainder when x is divided by 5.
3
Suppose -5*c - 2*t + 55 + 96 = 0, -125 = -4*c - 3*t. What is the remainder when 86 is divided by c?
28
Let p(g) = g**2 - g + 3. Suppose -4*y - f + 1 = 0, 5*y - 3 = -5*f + 2. What is the remainder when 10 is divided by p(y)?
1
Suppose 2*h - h - 2 = 0. Let w(d) = 4*d - 1. Let k be w(h). Suppose 0 = -2*x + k + 3. What is the remainder when 18 is divided by x?
3
Let k = 12 + -5. Suppose 60 = -u + k*u. Calculate the remainder when 37 is divided by u.
7
Suppose 3*q + 5 = -7. Let p = -1 - q. What is the remainder when 3 is divided by p?
0
Let t(s) = -s**3 + 4*s**2 + 6*s + 3. Let j be t(5). Let w = 13 - j. Let h(i) = i**2 + i + 8. Calculate the remainder when h(0) is divided by w.
3
Calculate the remainder when (6/9)/((-10)/(-1605)) is divided by 14.
9
Suppose -a = -3*v + 2*a + 186, -4*v = -2*a - 248. Calculate the remainder when v is divided by 13.
10
Suppose 0 = -3*s - 2*a + 54, 2*a - a = 3. Let l(t) = t**3 - 8*t**2 + 8*t - 1. What is the remainder when s is divided by l(7)?
4
Suppose -2*k = -s + 37, 2*s + 3*s + 4*k - 171 = 0. Let w = 23 + s. What is the remainder when w is divided by 1 - (-2 + (-17)/1)?
18
Let r(b) = b**3 + 8*b**2 + 3*b + 3. What is the remainder when 154 is divided by r(-3)?
37
Suppose -2*y - y = 5*a - 240, 61 = a - 2*y. Calculate the remainder when a is divided by (-5)/(-5)*23 + -5.
15
Let r be (67/(-4) + 0)*-4. Let i = -42 + r. What is the remainder when 49 is divided by i?
24
Suppose -2*j + 4 + 8 = 0. Calculate the remainder when 29 is divided by j.
5
Let o(t) = -t**3 + 16*t**2 + 10*t. Calculate the remainder when o(16) is divided by 41.
37
Suppose -2*i = i - 3. Let g(n) = n**2 - n - 1. Let f be g(i). What is the remainder when 17 is divided by (-6)/(-3) + f - -5?
5
Let s be (-2 + (-3)/(-6))*-2. Suppose g - 5 = -s. Calculate the remainder when (-12)/(-15)*(-10)/(-4) is divided by g.
0
Suppose -f + 292 = 4*c, 5*c + 0*f - 4*f - 386 = 0. Let k = 126 - c. What is the remainder when k is divided by -12*1*6/(-4)?
16
Let k = -31 + 46. What is the remainder when (3/((-6)/8) + -39)/(-1) is divided by k?
13
Let d = 91 + -39. Suppose -4*s + 8*s - d = 0. Calculate the remainder when 38 is divided by s.
12
Let w(x) = x**3 + 5*x**2 + 5*x + 3. Let d be w(-3). Let i be (9/d)/(6/4). What is the remainder when 30 is divided by (5*3 - 0) + i?
14
Let v(y) = y**3 + 11*y**2 - 6*y + 9. Let w be v(-11). Suppose 2*k - 5*k = -w. What is the remainder when 47 is divided by k?
22
Let h = 31 - 47. Let d(o) = o + 35. What is the remainder when 74 is divided by d(h)?
17
Let i = 57 - 47. What is the remainder when 28 is divided by i?
8
Let q = -14 + 16. Suppose 4*o - q*o = 32. Calculate the remainder when o is divided by 6.
4
Suppose -3*x + 5*x = 2. What is the remainder when 3 is divided by x?
0
Let j = 5 - -28. What is the remainder when 128 is divid